{"id":500,"date":"2017-12-25T19:09:50","date_gmt":"2017-12-25T19:09:50","guid":{"rendered":"http:\/\/entresijos.org\/?page_id=500"},"modified":"2023-08-17T18:25:28","modified_gmt":"2023-08-17T18:25:28","slug":"visitas-comentadas-2","status":"publish","type":"page","link":"https:\/\/entresijos.org\/?page_id=500","title":{"rendered":"MEDIACI\u00d3N CULTURAL"},"content":{"rendered":"<div class=\"vce-row-container\" data-vce-boxed-width=\"true\"><div class=\"vce-row vce-row--col-gap-30 vce-row-equal-height vce-row-content--top\" id=\"el-fc904ca6\" data-vce-do-apply=\"all el-fc904ca6\"><div class=\"vce-row-content\" data-vce-element-content=\"true\"><div class=\"vce-col vce-col--md-auto vce-col--xs-1 vce-col--xs-last vce-col--xs-first vce-col--sm-last vce-col--sm-first vce-col--md-last vce-col--lg-last vce-col--xl-last vce-col--md-first vce-col--lg-first vce-col--xl-first\" id=\"el-0492c068\"><div class=\"vce-col-inner\" data-vce-do-apply=\"border margin background  el-0492c068\"><div class=\"vce-col-content\" data-vce-element-content=\"true\" data-vce-do-apply=\"padding el-0492c068\"><div class=\"vce-text-block\"><div class=\"vce-text-block-wrapper vce\" id=\"el-34772801\" data-vce-do-apply=\"all el-34772801\"><p>]<span class=\"comentadas\">MEDIACI\u00d3N CULTURAL<\/span><\/p><p><span class=\"info\">Entendemos la mediaci\u00f3n cultural como una herramienta de necesaria en la cultura, ya sea para acercarla cultura contempor\u00e1nea a los p\u00fablicos, como para comisariar y montar exposiciones o en el desarrollo de la participaci\u00f3n y la colaboraci\u00f3n con el tejido cultural<\/span><\/p><p><a href=\"https:\/\/entresijos.org\/wp-admin\/post.php?post=567&amp;action=edit\"><span class=\"titulo\">FORMACI\u00d3N ESPECIALIZADA<\/span><\/a><\/p><p><a href=\"http:\/\/www.mediacioncultural.es\/buenaspracticas.html\" target=\"_blank\" rel=\"noopener noreferrer\"><span class=\"titulo\">ENCUENTRO MEDIACI\u00d3N CULTURAL M\u00c1LAGA 2018<\/span><\/a>[<\/p><p><a href=\"http:\/\/www.fundacioncnse.org\/cursos\/formacion-profesional\/especialista-gestion-cultural.php\" target=\"_blank\" rel=\"noopener noreferrer\"><span class=\"titulo\">CURSO CNSE<\/span><\/a><a href=\"https:\/\/proyector.info\/project\/proyector2019\/\" target=\"_blank\" rel=\"noopener noreferrer\"><span class=\"titulo\">PROYECTOR<\/span><\/a><\/p><\/div><\/div><\/div><\/div><\/div><\/div><\/div><\/div>\n","protected":false},"excerpt":{"rendered":"<p>]MEDIACI\u00d3N CULTURALEntendemos la mediaci\u00f3n cultural como una herramienta de necesaria en la cultura, ya sea para acercarla cultura contempor\u00e1nea a los p\u00fablicos, como para comisariar y montar exposiciones o en el desarrollo de la participaci\u00f3n y la colaboraci\u00f3n con el tejido culturalFORMACI\u00d3N ESPECIALIZADAENCUENTRO MEDIACI\u00d3N CULTURAL M\u00c1LAGA 2018[CURSO CNSEPROYECTOR<\/p>\n","protected":false},"author":1,"featured_media":0,"parent":0,"menu_order":0,"comment_status":"closed","ping_status":"closed","template":"","meta":{"footnotes":""},"class_list":["post-500","page","type-page","status-publish","hentry"],"aioseo_notices":[],"_links":{"self":[{"href":"https:\/\/entresijos.org\/index.php?rest_route=\/wp\/v2\/pages\/500","targetHints":{"allow":["GET"]}}],"collection":[{"href":"https:\/\/entresijos.org\/index.php?rest_route=\/wp\/v2\/pages"}],"about":[{"href":"https:\/\/entresijos.org\/index.php?rest_route=\/wp\/v2\/types\/page"}],"author":[{"embeddable":true,"href":"https:\/\/entresijos.org\/index.php?rest_route=\/wp\/v2\/users\/1"}],"replies":[{"embeddable":true,"href":"https:\/\/entresijos.org\/index.php?rest_route=%2Fwp%2Fv2%2Fcomments&post=500"}],"version-history":[{"count":27,"href":"https:\/\/entresijos.org\/index.php?rest_route=\/wp\/v2\/pages\/500\/revisions"}],"predecessor-version":[{"id":1740,"href":"https:\/\/entresijos.org\/index.php?rest_route=\/wp\/v2\/pages\/500\/revisions\/1740"}],"wp:attachment":[{"href":"https:\/\/entresijos.org\/index.php?rest_route=%2Fwp%2Fv2%2Fmedia&parent=500"}],"curies":[{"name":"wp","href":"https:\/\/api.w.org\/{rel}","templated":true}]}}